7) + 13)
0
What is (18 - (31 - 43)) + -100 - -16?
-54
-76 + 3 - (-16 + 25 - 28)
-54
What is (56 - 1) + -94 + -13 + 94?
42
What is 2 + -31 - (37 + -95)?
29
Evaluate 2 - ((-19 - -9) + 3 + -3 + 101 - 10).
-79
What is 8 - (21 + (-4 - 5) - 15) - 26?
-15
What is the value of 6 + -1 - (41 - -18 - 49) - -3?
-2
2 + -7 + (-14 - -25) + -1 + -70 + 70
5
Calculate 119 - ((-14 - -25) + 13) - ((-11 - -6) + 6).
94
What is the value of -4945 + 4983 + 0 + -77?
-39
Calculate (-5 + -7 - -14) + -24 + -25 + 29.
-18
Evaluate -2 + -44 + 5 - (17 + -36 + -4 + 34).
-52
Calculate -2 - 0 - (-2 - (-64 + 3)) - (276 - 281).
-56
What is the value of 46 + 2 + (2 - 4 - (-2 - -16))?
32
What is (-56 - -49) + 7 - (0 + 5)?
-5
What is the value of (-18 - -88 - 107) + -25?
-62
42 - (68 + (-69 - 1))
44
What is the value of -48 + -14 + 10 + -4 + -14 + 8 + -14?
-76
Calculate 60 - (27 + 7) - 11.
15
What is -10 - (-13 - (49 - (20 - 20)))?
52
Calculate (-52 + 189 - 300) + 30.
-133
(2 + 2 + 0 - (369 + -373)) + -5 + 95
98
Evaluate -16 + 1 + -1 - (39 - (3 - -37) - -11).
-26
Calculate -7 - ((-3 - -8) + -4) - (-1790 - -1868).
-86
Calculate -39 + (-152 - (-47 - 61)).
-83
Evaluate -87264 + 87256 - (-60 + 1 + -1 - (0 - -1)).
53
What is -12 + (7 + 4 - -38) + (-6 + -1 - -12)?
42
What is the value of (49 - 2) + 23 + -52 + 21 + 0?
39
What is -1 + 9 - (1092 - 1069) - -8?
-7
Evaluate 0 - -50 - (-7788 + 7737).
101
What is -1782 + 1804 - (-2 - 38)?
62
What is the value of 0 + -12 + 0 + (34 - 1)?
21
Calculate -90 - (-48 - -94 - 177).
41
What is the value of (19 - 34) + 19 + -28 + 0 + -4?
-28
(-5 - (0 + (-13 - 28))) + 84
120
-6 - ((-5 - -3) + (3 - 21 - -15))
-1
Calculate -2 - (-75 + 4 + (1 - (-8 + -5 + 5))).
60
Evaluate (-18 - -4 - -26) + 1 + (-7 - -1) + -52.
-45
Evaluate (-21 - 83 - (-42 + 10)) + -8.
-80
Evaluate 1 + 14 + (-67 - (28 - -10 - 26)).
-64
What is the value of 58 + 34 + -95 + (-3 + (-1 - -1) - -107)?
101
Calculate 69 - (83 - 54) - (-1 - (4 - 2)).
43
(-3 - (-2 + (0 - 3))) + (937 - 941)
-2
What is the value of 80 + (-67 - -60) - 62?
11
What is the value of -30 - (14 - (-5 + 23 + (-5 - -10)))?
-21
What is the value of (1 - 13 - -1) + (1 - (19 - (7 + 2)))?
-20
Calculate (-2 + 22 - (61 - 74)) + -8 + (22 - 4).
43
What is -4 + 17 - 11 - (-31 + -1 - 1)?
35
(-10 + 18 - 9) + (-1 - 28)
-30
Calculate 6 - (-19 - ((1 + -4 - -8) + (-54 - -56))).
32
What is 15 + -62 - -41 - (-39 - 1 - -3)?
31
What is the value of 64 - (-4 - -61 - 45)?
52
32 - (2 + (6 + 16 - 29 - (1 + -5)))
33
What is the value of -3 - (0 - (-1 + -48)) - (-53 - (-53 + -12))?
-64
15 - (-78 - (-115 - -76))
54
Calculate 0 - (-54 - 1) - (-1 - (-99 + 92)).
49
Calculate -13 - (21 - (-4 - 6 - -52)).
8
What is the value of -24 + 39 + 12 + -3 + 34?
58
Evaluate (2 - 22) + (128 - 87) - 53.
-32
Evaluate -18 + 0 - (392 - 404) - -7.
1
What is (-9 - -22 - -8) + -17 + 23?
27
Calculate 16 - (16 + 20 - 17 - -33).
-36
What is the value of -5 + (17 + -3 - -9) + -19 + 10?
9
Evaluate -1 - 5 - (39 + -54 + 9 + -1 + -1).
2
77 + (3 - 10 - -4) - (-8 + -25 + 41)
66
What is -7 - -15 - -1 - -33 - 8?
34
Calculate -2 + 2 - (150 + -63 - 116).
29
What is 4 - (4 - (-16 - -23) - 11)?
18
What is the value of 2 + -40 - (-74 - 12 - 24)?
72
(-8 - -12 - 10) + -5 + -29
-40
What is the value of 0 - (-3 + -6 + -5 + 25 + -13)?
2
Evaluate -79 - (-41 + -34) - -48.
44
0 - -1 - ((1 - 45) + (10 - -2) + -2)
35
Evaluate -7 + -3 + 5 + 6 + (-131 - 13 - -5).
-138
Calculate 11 + (-18 - -21 - (4 + 8)) - (103 - 38).
-63
Calculate 5298 + -5291 + (1 - (0 + 0)) + -36.
-28
What is the value of 2 + -9 + 83 - 128?
-52
Evaluate (48 - (0 + 2)) + (8 - (32 + (-40 - -6))).
56
What is (-76 - 1) + (-9 + 59 + -27 - 39)?
-93
What is 38659 + -38724 - (-1 + -1 - 8)?
-55
Evaluate -14 + 48 + 8 - (44 + -35).
33
What is (1882 + -1857 - (-68 - 1)) + (28 - 3)?
119
Calculate (-15 - 0 - (10 + -28 + 14)) + 81.
70
What is (1 - ((-5 - (1 + 6)) + 12)) + -65?
-64
Evaluate (0 - (34 + -4)) + (17 + -46 - -14 - -21).
-24
What is (-2 - (-2 - -5)) + (25 - -20 - 9) + 75?
106
49 + -1 - (-46 + -25 + 13 + 43)
63
Calculate -54 + (4 - 14 - ((-12 - 0) + 18)).
-70
Calculate 45 + 1 - (-11 - (-5 + (-22 - -13) - -9)).
52
Calculate (4 - (41 - (-29 - -77))) + (-1 - 68).
-58
What is the value of (99 - (20 + -9)) + -19 + (3 - 3) + -11?
58
Calculate 0 + 38 + 1 - (27919 - 27942).
62
What is -9 + 8 + -27 + -19 + 59?
12
Evaluate -11 - (-39 - -108 - 53).
-27
84 + (89 - 78 - (5 + 2))
88
What is the value of (-2 - (4 + -2)) + (4 + 5 - -1 - -1)?
7
(50 + 7 - (0 - -3)) + 688 + -695 + 2
49
Evaluate -2 + 2 + -93 - (32374 + -32372).
-95
114 + (-15 - 33) + -37
29
What is 129 - 91 - -58 - 23?
73
Evaluate 2 + (0 - (5 - ((13 - 2) + -14))).
-6
Evaluate 2 + -59 + 88 + 12.
43
Calculate -42 + (5 - -35) + 1 + 29 - -8.
36
45 + (34 - 36) + 7 + -7
43
What is the value of 64 + -44 + -29 - (-3 - (-68 + 1 + 1))?
-72
Calculate -30 + 96 + -71 + -25 + 2.
-28
What is 66 + (-36 - 101) + 42?
-29
Calculate 4020 - 3993 - (3 - 56).
80
What is the value of (-22 + -1 - (-85 + 78)) + 35?
19
What is the value of (97 - -2 - (-4 + 3)) + -5 - (-6 + 10)?
91
5 + -2 + -38 - (-58 + 116 + -40)
-53
Calculate -14 + -9 + 69 - ((2 - 3) + 6).
41
What is 6 - ((11 - (-6 + 14)) + -75 - -10 - -9)?
59
What is the value of 3 - -72 - (-48 + 69 + -25 - -25)?
54
What is (26 - -5 - 36) + -17 - 35?
-57
(8 - 33) + (8 + -49 - 0)
-66
Calculate 134 - (18 - 0) - (18 - -7).
91
What is 9 - (4 + -4 + 18 + (-59 - -55))?
-5
0 - (1 - (-18 - -1 - (13 + 28 - 50)))
-9
What is 46 - (46 - (4 - 54))?
-50
Evaluate 5 + -35 + (-20 - (-10 + -3)).
-37
Calculate (0 + 0 - ((-5 - -22) + (-18 - -7))) + 16.
10
Evaluate 1 + 18 - (0 + 2 + 11 - (22 + -9)).
19
What is the value of 212 - 31 - 24 - (-16 - -56)?
117
-98 + 85 + 3 + 41 - (-5 - 0)
36
What is the value of -59 + 10 + -5 + (2 - (8 + -14))?
-46
Evaluate -3 + -20 + -43 + 68 + -112.
-110
What is the value of -1161 - -1092 - (-8 + (4 - 1) - (-35 - -21))?
-78
What is (11 - (16 - 6)) + 56 + -2?
55
Calculate (109 - 201) + 0 + 54.
-38
Calculate 3 + -12 + 1203 + -1201.
-7
What is (0 - 101) + (10968 - 10793)?
74
26 + -99 + 145 + 38
110
What is the value of 5 + (-11 + -4 + -92 - -18) + -16?
-100
Calculate 26 - (0 + 11 + (-101 - -47) + 49).
20
What is the value of 31 - ((-26 - -23) + -26 - -58)?
2
Calculate 48 - (26 + 67 + -34).
-11
Calculate 11 - (-28 + -20 + 55).
4
Calculate -20 + 3 - (-17 + -16 + 31 + -5).
-10
Calculate 371 + -352 - (-49 - 55).
123
Calculate -21 - (29 + -50 + 39).
-39
Evaluate -135 - (-24 - (-68 - -117)).
-62
What is (69 - 43 - (10 + -6 + 15)) + -12?
-5
13 - (20 + -21 + 5 - -1 - 20)
28
What is (2 - -24) + (8 + 0 + 12 - 29 - -18)?
35
(-7 - (4 - 114) - -7) + 423 + -441
92
What is the value of (9 - 196) + 69 + 52?
-66
(116 - 123) + 3 + 3 + (-4 - 8)
-13
What is the value of 9 - 1 - (-50 + 17) - -2?
43
What is the value of -53 + 51 - (11 + 3) - (4 + 13 + 11)?
-44
(-5 - 0) + (31 - 41) + 13 + (3 - 2)
-1
Evaluate -37 + 0 + (-5 - (-3 - (11 - (7 + 1)))).
-36
What is 65 + -94 + 9 + 67?
47
20 + 1 + 78 + -1533 + 1553
119
What is -51 - (-1 + -12 + 210 + -201)?
-47
Evaluate 11 + 1 + (-1 - -23) + (1 - 31) + -26.
-22
What is the value of 8 - -7 - ((-11 - -8) + 13)?
5
What is the value of 24 - ((-11 - 0) + -73 + 92) - -30?
46
What is the value of -20 + 47 + -14 + -50 - (2 - 15)?
-24
16 - 1 - (88 - (5 - (8 + (20 - 25))))
-71
What is the value of (-5 + 53 - (-22 - -46)) + 10?
34
What is (-7 + -7 - -4) + -7 + (318 - 302)?
-1
What is the value of 33 + -38 + 35 + -17 + (-3 - -4 - -48)?
62
What is 8 + -1 + (34 - (18 + 0)) + -2?
21
What is the value of 8 - (1 + -1 + (7 + -13 - (-20 + 16)))?
10
Evaluate 64 - (50 + 61) - (-1 + 0 + -17).
-29
Evaluate -9 - (8 - ((1 - 0) + 0) - (72 - 63)).
-7
What is 22 - 0 - (-1736 + 1770)?
-12
Calculate 101 - 136 - (-8 + 46 + -13).
-60
Calculate 86 + -129 + (22 - 0) + 3.
-18
What is the value of ((16 + -1 - 9) + -12 - 23) + 2 + 8?
-19
(5 - 30 - -42 - 16) + (-2 - -23)
22
(31 - 0 - -3) + -1303 + 1334
65
(20 + (4 - 13) - 26) + 2
-13
Evaluate 5 + 50 - ((82 - 99) + 5 + 0).
67
11 - (-2 + 13 + 0 - (-146 + 151))
5
What is -39 + (57 - 28) + -32?
-42
-71 + -7 + 12 + 2 + (-26 - -32)
-58
Evaluate (602 - 652) + (9 - (3 - 0)).
-44
What is the value of (-16 - 17) + (-8 - -3) + (-4 - -1)?
-41
What is -15 + (17 - 27) + 21?
-4
Evaluate 78 - (-13 - -15 - (-13 + (1 - -7))).
71
What is (-11 